s 8 - -302132?
302140
In base 10, what is -1 - 4735?
-4736
In base 14, what is 124aa9 - -3?
124aac
In base 8, what is 3 - 62003?
-62000
In base 11, what is -2112 + 1437?
-786
In base 2, what is 1100101101 - -111010101101?
1000111011010
In base 4, what is 113 + 2231131?
2231310
In base 13, what is ca - 119?
-1c
In base 14, what is 129ca8 - -3?
129cab
In base 13, what is -5a3b - -1?
-5a3a
In base 3, what is -12 - 1102221012?
-1102221101
In base 14, what is -c98 - 6?
-ca0
In base 4, what is -2203 + -23330?
-32133
In base 12, what is 132 + -150?
-1a
In base 14, what is -116 - -15c4?
14ac
In base 15, what is -2d + 43?
15
In base 7, what is 10 - -24341?
24351
In base 5, what is -13343440 + 4?
-13343431
In base 6, what is 152112 - 1?
152111
In base 10, what is 1307 + -50?
1257
In base 9, what is 2 + 4761?
4763
In base 3, what is 11 - -2000101210222?
2000101211010
In base 5, what is -4 - 3024021?
-3024030
In base 5, what is -10 - 1200?
-1210
In base 15, what is 1 - 2410?
-240e
In base 12, what is -7 + 8b3a?
8b33
In base 13, what is 4 + 2b705?
2b709
In base 8, what is 7335276 - 5?
7335271
In base 14, what is -4 - 54d1b?
-54d21
In base 12, what is -3 + 5a58?
5a55
In base 3, what is 20011210 + -1?
20011202
In base 10, what is -116893 - -3?
-116890
In base 2, what is 101011001 + -111000?
100100001
In base 10, what is 7954 - -10?
7964
In base 4, what is 103 - 13230331?
-13230222
In base 8, what is 110503 + -5?
110476
In base 9, what is 32483 + -5?
32477
In base 16, what is 1e2 - 807?
-625
In base 12, what is 10aa5 - 2?
10aa3
In base 12, what is 3a5 - 69?
338
In base 5, what is -300302 + 124?
-300123
In base 7, what is -112 - -103401?
103256
In base 3, what is -100210 + -110100?
-211010
In base 14, what is -332 + -649?
-97b
In base 3, what is 0 - 20100121?
-20100121
In base 16, what is -6 + -b965?
-b96b
In base 16, what is 609a - 0?
609a
In base 10, what is 0 + 46165?
46165
In base 8, what is -4 + 1064674?
1064670
In base 2, what is 1001011001 - 101?
1001010100
In base 2, what is -1111001 + 10100110111?
10010111110
In base 6, what is 4 - 123041?
-123033
In base 10, what is -741030 - -1?
-741029
In base 7, what is -2 + 3564023?
3564021
In base 12, what is -1114 - -65?
-106b
In base 12, what is -5 + -170648?
-170651
In base 14, what is -1124 + 6?
-111c
In base 5, what is -2 - -224023?
224021
In base 11, what is 25 + a92?
1007
In base 3, what is 2111110222 - -2?
2111111001
In base 15, what is ed + -150?
-52
In base 2, what is -111010100011001 - -101?
-111010100010100
In base 13, what is 1042a6 - -4?
1042aa
In base 9, what is 237620 + -22?
237587
In base 2, what is 10 + -101101100?
-101101010
In base 6, what is -313 - 10002?
-10315
In base 12, what is -142 - -1b4b?
1a09
In base 2, what is 10001000011010011 + 0?
10001000011010011
In base 11, what is 615a2 - 6?
61597
In base 9, what is 4 - 7647?
-7643
In base 11, what is 962a + 27?
9656
In base 4, what is -1213231 + -22?
-1213313
In base 15, what is 1cd4 - 8?
1ccb
In base 14, what is -31 + 15d5?
15a4
In base 12, what is 42 + -530?
-4aa
In base 7, what is -353 + 520?
134
In base 15, what is 367 + -147b?
-1114
In base 3, what is 10 - 1010222022?
-1010222012
In base 12, what is -303967 - -1?
-303966
In base 2, what is -1100011111111110 - -110?
-1100011111111000
In base 14, what is -596 - -1a?
-57a
In base 16, what is -5910 - 1?
-5911
In base 4, what is -1220120230 + -1?
-1220120231
In base 10, what is -153 + 1542?
1389
In base 8, what is 110426 + -4?
110422
In base 4, what is 20 + 1203020?
1203100
In base 11, what is 64128 + -5?
64123
In base 15, what is 114 - -18e?
2a3
In base 9, what is 2356 + 8?
2365
In base 8, what is -136 - -1346?
1210
In base 8, what is 116 + 411?
527
In base 8, what is -5 - -2523676?
2523671
In base 15, what is ad - -1dc?
29a
In base 14, what is 4a4 - -32?
4d6
In base 6, what is 20 - -15102?
15122
In base 14, what is -1 + 64b6?
64b5
In base 15, what is -67 + -20?
-87
In base 4, what is 22312 + 11102?
100020
In base 14, what is -1bc6 - 216?
-1ddc
In base 12, what is 3 - -2763?
2766
In base 10, what is 12839 - 2?
12837
In base 2, what is 10000111 + -101100100101?
-101010011110
In base 7, what is 5 - 502062?
-502054
In base 4, what is 1 - 1001200131?
-1001200130
In base 10, what is -27398 - -13?
-27385
In base 8, what is 22 - 36304?
-36262
In base 8, what is 0 - -223027?
223027
In base 4, what is 310232 + 30311?
1001203
In base 5, what is -2014124222 - -2?
-2014124220
In base 7, what is 1461 + 4350?
6141
In base 4, what is -1233 - 202310?
-210203
In base 13, what is 114 - 6a0?
-589
In base 7, what is -1 - -1452316?
1452315
In base 3, what is 111010202011 - 21?
111010201220
In base 3, what is -1 + -202201111?
-202201112
In base 16, what is 73 - -19?
8c
In base 13, what is 4c71 + 9b?
503c
In base 6, what is 33 - -535124?
535201
In base 11, what is 324 + 109a?
1413
In base 16, what is -3 + 1228fa?
1228f7
In base 14, what is 6 - -37158?
37160
In base 12, what is -5 + -5054?
-5059
In base 11, what is 5 - -4664?
4669
In base 6, what is 0 + -42430?
-42430
In base 15, what is -942202 - 1?
-942203
In base 5, what is 13432122 + 2?
13432124
In base 16, what is 2 + -25f7f?
-25f7d
In base 15, what is -b3 - 20a6?
-2169
In base 14, what is 34612 - 1?
34611
In base 14, what is 7 + b77?
b80
In base 9, what is -163107 - -3?
-163104
In base 7, what is -16640 + -131?
-20101
In base 6, what is 1 + 4025053?
4025054
In base 6, what is -2004 + -1252?
-3300
In base 9, what is -10811 - 4?
-10815
In base 2, what is -110111 + -100010000011?
-100010111010
In base 5, what is 132 + 1334032?
1334214
In base 9, what is -2545723 + 5?
-2545717
In base 13, what is -1cb + -15?
-213
In base 12, what is 28210a + -3?
282107
In base 12, what is 1b4769 - 3?
1b4766
In base 6, what is 1 - 25434504?
-25434503
In base 9, what is -1837562 - 3?
-1837565
In base 3, what is -2000 - 2010212?
-2012212
In base 8, what is 10447 + 140?
10607
In base 15, what is -28 - 21d?
-246
In base 3, what is 120220 + 20210?
211200
In base 6, what is -1004 + -435?
-1443
In base 13, what is -16 - 22920?
-22936
In base 7, what is -442 + 325?
-114
In base 12, what is -10909 + -3?
-10910
In base 16, what is 41a - 1c?
3fe
In base 7, what is 0 - 10120?
-10120
In base 9, what is -7756 + -3?
-7760
In base 8, what is 355 - -6447?
7024
In base 16, what is -1 - 14d24?
-14d25
In base 13, what is 51 - -45c?
4b0
In base 10, what is -1400302 - -1?
-1400301
In base 14, what is -2 + -b992?
-b994
In base 14, what is -71d1 - 35?
-7226
In base 13, what is -8551a + 0?
-8551a
In base 8, what is -3 + 4343?
4340
In base 3, what is 11 + 1100011110?
1100011121
In base 12, what is 1 - -6522?
6523
In base 7, what is -120563 - -42?
-120521
In base 2, what is 101000111 + 100110101001?
101011110000
In base 3, what is 1020202100 - 1101?
1020200222
In base 11, what is 270807 - 1?
270806
In base 9, what is 20472 - 10?
20462
In base 2, what is -101011001 + 1101101111?
1000010110
In base 10, what is -14755 + -14?
-14769
In base 16, what is -29 + d54?
d2b
In base 6, what is -100410 + -42?
-100452
In base 7, what is -10 - 2315522?
-2315532
In base 6, what is 231214 - -100?
231314
In base 2, what is 10101110 + 10010?
11000000
In base 16, what is 82df - 5?
82da
In base 13, what is 95c1 - 1?
95c0
In base 13, what is -2173a + -3?
-21740
In base 10, what is -3 + 245237?
245234
In base 4, what is -230 + 232200?
231310
In base 10, what is 9 + 28770?
28779
In base 6, what is 1333 - 2310?
-533
In base 5, what is -12044 + -1132?
-13231
In base 15, what is -5634 - 9e?
-56d3
In base 7, what is -15206 - -1?
-15205
In base 4, what is -3020 - -12110?
3030
In base 14, what is -2 + -21cbc6?
-21cbc8
In base 3, what is 0 + 10202121002?
10202121002
In base 15, what is -cc - 113?
-1e0
In base 12, what is -21ab2 + -5?
-21ab7
In base 9, what is 5 + 12308?
12314
In base 6, what is 25 - 54530?
-54501
In base 14, what is 10 + -130?
-120
In base 11, what is -22159a + 4?
-221596
In base 4, what is -111232031 - 1?
-111232032
In base 2, what is -101011011110 + 1001?
-101011010101
In base 11, what is 143082 - 0?
143082
In base 8, what is -216301 - -33?
-216246
In base 7, what is 64134 - -20?
64154
In base 5, what is 13 - -3121044?
3121112
In base 5, what is 223432 + 3?
223440
In base 13, what is -1924ac - 2?
-1924b1
In base 5